s the remainder when 362 is divided by 206?
156
Calculate the remainder when 63 is divided by 11.
8
Calculate the remainder when 365 is divided by 346.
19
Calculate the remainder when 96 is divided by 21.
12
What is the remainder when 8895 is divided by 31?
29
Calculate the remainder when 34 is divided by 18.
16
What is the remainder when 23 is divided by 7?
2
What is the remainder when 919 is divided by 76?
7
What is the remainder when 374 is divided by 25?
24
Calculate the remainder when 263 is divided by 61.
19
Calculate the remainder when 7847 is divided by 10.
7
What is the remainder when 19 is divided by 13?
6
Calculate the remainder when 732 is divided by 350.
32
Calculate the remainder when 2342 is divided by 262.
246
Calculate the remainder when 23 is divided by 13.
10
What is the remainder when 1641 is divided by 108?
21
Calculate the remainder when 708 is divided by 72.
60
Calculate the remainder when 859 is divided by 140.
19
What is the remainder when 331 is divided by 118?
95
What is the remainder when 1676 is divided by 73?
70
Calculate the remainder when 646 is divided by 18.
16
Calculate the remainder when 3037 is divided by 14.
13
What is the remainder when 49 is divided by 36?
13
What is the remainder when 299 is divided by 10?
9
Calculate the remainder when 511 is divided by 282.
229
What is the remainder when 523 is divided by 105?
103
Calculate the remainder when 253 is divided by 120.
13
What is the remainder when 1707 is divided by 95?
92
Calculate the remainder when 986 is divided by 22.
18
What is the remainder when 1841 is divided by 25?
16
What is the remainder when 8080 is divided by 18?
16
Calculate the remainder when 73 is divided by 66.
7
Calculate the remainder when 1106 is divided by 101.
96
What is the remainder when 1492 is divided by 54?
34
What is the remainder when 87911 is divided by 88?
87
Calculate the remainder when 395 is divided by 18.
17
What is the remainder when 1316 is divided by 41?
4
What is the remainder when 66 is divided by 15?
6
Calculate the remainder when 701 is divided by 170.
21
What is the remainder when 1374 is divided by 32?
30
Calculate the remainder when 702 is divided by 4.
2
What is the remainder when 1162 is divided by 295?
277
What is the remainder when 5473 is divided by 73?
71
What is the remainder when 143 is divided by 31?
19
Calculate the remainder when 322 is divided by 54.
52
Calculate the remainder when 269 is divided by 88.
5
What is the remainder when 99 is divided by 35?
29
Calculate the remainder when 1899 is divided by 473.
7
Calculate the remainder when 349 is divided by 44.
41
What is the remainder when 2342 is divided by 48?
38
What is the remainder when 142 is divided by 73?
69
Calculate the remainder when 23897 is divided by 21.
20
What is the remainder when 180 is divided by 30?
0
What is the remainder when 4212 is divided by 281?
278
What is the remainder when 1509 is divided by 18?
15
What is the remainder when 42689 is divided by 30?
29
What is the remainder when 305 is divided by 51?
50
Calculate the remainder when 549 is divided by 14.
3
What is the remainder when 335 is divided by 29?
16
What is the remainder when 11 is divided by 3?
2
What is the remainder when 3512 is divided by 37?
34
Calculate the remainder when 161 is divided by 78.
5
What is the remainder when 1086 is divided by 90?
6
What is the remainder when 353 is divided by 21?
17
Calculate the remainder when 598 is divided by 117.
13
Calculate the remainder when 53 is divided by 27.
26
What is the remainder when 8357 is divided by 95?
92
Calculate the remainder when 343 is divided by 69.
67
Calculate the remainder when 70 is divided by 25.
20
What is the remainder when 399 is divided by 65?
9
What is the remainder when 657 is divided by 20?
17
Calculate the remainder when 308 is divided by 298.
10
What is the remainder when 8378 is divided by 20?
18
What is the remainder when 282 is divided by 63?
30
Calculate the remainder when 36 is divided by 7.
1
Calculate the remainder when 655 is divided by 110.
105
Calculate the remainder when 9568 is divided by 5.
3
What is the remainder when 1039 is divided by 9?
4
Calculate the remainder when 4613 is divided by 27.
23
Calculate the remainder when 54 is divided by 7.
5
What is the remainder when 189 is divided by 38?
37
What is the remainder when 273 is divided by 259?
14
Calculate the remainder when 610 is divided by 44.
38
Calculate the remainder when 69 is divided by 19.
12
What is the remainder when 1874 is divided by 3?
2
What is the remainder when 635 is divided by 11?
8
Calculate the remainder when 1142 is divided by 36.
26
Calculate the remainder when 61 is divided by 23.
15
Calculate the remainder when 22 is divided by 8.
6
Calculate the remainder when 286 is divided by 276.
10
What is the remainder when 119 is divided by 60?
59
What is the remainder when 10069 is divided by 190?
189
Calculate the remainder when 339 is divided by 31.
29
Calculate the remainder when 73 is divided by 11.
7
What is the remainder when 175 is divided by 46?
37
What is the remainder when 172 is divided by 35?
32
Calculate the remainder when 417 is divided by 12.
9
Calculate the remainder when 1291 is divided by 35.
31
What is the remainder when 873 is divided by 40?
33
What is the remainder when 1250 is divided by 7?
4
What is the remainder when 193 is divided by 88?
17
Calculate the remainder when 1099 is divided by 302.
193
What is the remainder when 935 is divided by 24?
23
What is the remainder when 260 is divided by 66?
62
Calculate the remainder when 310 is divided by 26.
24
Calculate the remainder when 2749 is divided by 21.
19
What is the remainder when 285 is divided by 83?
36
Calculate the remainder when 52 is divided by 21.
10
What is the remainder when 699 is divided by 39?
36
What is the remainder when 411 is divided by 106?
93
What is the remainder when 617 is divided by 31?
28
Calculate the remainder when 446 is divided by 5.
1
What is the remainder when 103 is divided by 53?
50
What is the remainder when 173 is divided by 22?
19
What is the remainder when 618 is divided by 12?
6
Calculate the remainder when 111 is divided by 23.
19
What is the remainder when 93 is divided by 4?
1
Calculate the remainder when 331 is divided by 60.
31
What is the remainder when 412 is divided by 7?
6
What is the remainder when 35 is divided by 33?
2
What is the remainder when 1402 is divided by 18?
16
Calculate the remainder when 223 is divided by 84.
55
What is the remainder when 676 is divided by 208?
52
What is the remainder when 217 is divided by 27?
1
Calculate the remainder when 448 is divided by 75.
73
Calculate the remainder when 55 is divided by 32.
23
Calculate the remainder when 251 is divided by 85.
81
Calculate the remainder when 307 is divided by 22.
21
Calculate the remainder when 1134 is divided by 281.
10
What is the remainder when 6155 is divided by 57?
56
What is the remainder when 1800 is divided by 106?
104
What is the remainder when 456 is divided by 10?
6
What is the remainder when 289 is divided by 92?
13
Calculate the remainder when 146 is divided by 15.
11
What is the remainder when 85 is divided by 45?
40
What is the remainder when 828 is divided by 161?
23
What is the remainder when 9454 is divided by 110?
104
Calculate the remainder when 304 is divided by 151.
2
Calculate the remainder when 40 is divided by 30.
10
Calculate the remainder when 9099 is divided by 50.
49
What is the remainder when 11176 is divided by 6?
4
Calculate the remainder when 208 is divided by 195.
13
What is the remainder when 272 is divided by 144?
128
What is the remainder when 820 is divided by 410?
0
What is the remainder when 33 is divided by 23?
10
Calculate the remainder when 99 is divided by 15.
9
What is the remainder when 268 is divided by 70?
58
What is the remainder when 4486 is divided by 12?
10
What is the remainder when 947 is divided by 27?
2
What is the remainder when 307 is divided by 119?
69
What is the remainder when 248 is divided by 25?
23
Calculate the remainder when 170 is divided by 35.
30
What is the remainder when 30 is divided by 5?
0
What is the remainder when 220 is divided by 104?
12
Calculate the remainder when 2094 is divided 